
719
Let n(o) = -201*o**2 - 13*o - 13. Let m(f) = -100*f**2 - 6*f - 6. Let k = 23 - 30. Let w(g) = k*m(g) + 3*n(g). List the prime factors of w(-1).
97
Let c(o) = 9*o**3 + 11*o**2 + 26*o + 1. Let k be c(-5). Let t = k + 2097. List the prime factors of t.
2, 13, 43
Suppose 0 = 5*a - 2*r + 1 - 21, r - 35 = -5*a. Suppose m = a - 9. What are the prime factors of (40/m)/(7/(-42))?
2, 5
Let s = -1064 + 77. Let g = -594 - s. What are the prime factors of g?
3, 131
Let t be ((-297)/88)/(-9) + 1059/(-8). Let n(p) = p**3 - 6*p**2 - p - 3. Let i be n(3). Let u = i - t. List the prime factors of u.
3, 11
Suppose -15 = -45*g + 50*g. Let y(r) = -93*r + 19. What are the prime factors of y(g)?
2, 149
Let f(r) = -r**2 - 15*r - 46. Let c(y) = 2*y**2 + 31*y + 91. Let o(d) = 6*c(d) + 10*f(d). List the prime factors of o(-22).
2, 131
Let i = 5 - -1. Suppose -i*y = -3*y, 3*k = -5*y. Suppose k = 6*v + 173 - 1325. What are the prime factors of v?
2, 3
Let b(h) = 972*h**2 - 18*h - 37. What are the prime factors of b(-3)?
5, 1753
Suppose -7 = d - 3*v, -19 + 6 = d - 5*v. Suppose -d*b + 190 = -2*x, -2*b - 59 = x + 36. List the prime factors of x/(-1*4 + 6 + -3).
5, 19
Let w = 28 - 27. Suppose 0*j - j + 7 = s, 5*j + w = 4*s. Suppose -g - j + 84 = -3*c, g = -3*c + 69. List the prime factors of g.
3, 5
Suppose -77990 = 62*x - 7*x. Let l = x + 2410. What are the prime factors of l?
2, 31
Suppose 4*j = 6*j - 38. Let l(m) = -3*m - 16. Let y be l(j). List the prime factors of y*(-4 + (-6)/(-2)).
73
Let r be (-18)/(4 - 1)*-1. Suppose -274 + 376 = r*m. List the prime factors of m.
17
Suppose 11*z - 182693 = -2*z - 20830. What are the prime factors of z?
12451
What are the prime factors of -47 + 6902 + 42/3?
6869
Suppose 0 = -5*m + 5, -6*r + 2*m - 1158 = -8*r. Suppose 2*q = 5*l + 867, 3*q - 5*l - r = 710. List the prime factors of q.
421
Let g = -648 - -4534. List the prime factors of g.
2, 29, 67
Let h(n) = 14*n + 128. Let k(j) = 9*j + 86. Let t(r) = -5*h(r) + 7*k(r). Let i be t(-6). Suppose -716 = -i*o - 204. List the prime factors of o.
2
Let p = 78 + -29. Let q = 84 + p. What are the prime factors of (-9 - (-2 - 3)) + q?
3, 43
Suppose -27028 = -22*r + 73270. What are the prime factors of r?
47, 97
Let u(r) = 12*r**2 - 7*r - 11. Let y(w) = -w**2 - 11*w + 12. Let t be y(-12). Suppose -2*n + 3*n - 3*v - 2 = t, -2*n - 4*v = 16. List the prime factors of u(n).
11, 19
Suppose -14*y + 18956 = -24178. List the prime factors of y.
3, 13, 79
Let r be 671*(8 - (-1 + 0)*-5). Suppose -5*c + 6007 = -r. What are the prime factors of c?
2, 401
Suppose 15332*v - 15325*v - 32599 = 0. List the prime factors of v.
4657
Let o be (-28)/16 + 89/(-4). What are the prime factors of 765 + o/(-9)*45/20?
3, 257
Let z = 296 + -287. List the prime factors of ((-1642)/(-7))/((-16)/(-504)*z).
821
Suppose -a + 4*c + 60729 = 0, -41*a - 5*c = -38*a - 182238. What are the prime factors of a?
3, 17, 397
Let d(f) = -8*f**2 - 7*f - 9. Let m be d(-6). Let p(u) = 76*u - 103. Let j be p(7). Let g = j + m. What are the prime factors of g?
2, 3, 29
Let k be (3 - 68/(-8))/((-3)/(-54)). List the prime factors of (183/9)/(3/k).
23, 61
List the prime factors of -13*(6 + 327*(-1 - 0/(-6))).
3, 13, 107
Suppose -22 = 3*w + 4*s, 2*s + 19 = -2*w + 5. Let y(z) = z - 16. Let a be y(15). What are the prime factors of (171/w)/(a/6)?
3, 19
Suppose -11*a + 7*a = -5*m + 54, -m - 4*a + 6 = 0. Suppose -1254 = m*p + p. List the prime factors of -10 - -14 - (p - 1).
7, 17
Suppose 3*r = 12*s - 13*s + 2, 8 = -2*s. Suppose -i + 156 = -4*l, -i + 5*l = -r*i + 129. List the prime factors of i.
2, 3
Suppose -97*s + 91*s = -2760. List the prime factors of 1/(5/(-25)) + s.
5, 7, 13
Let q be 90*(4 + 1992/9). Suppose -13*f - q = -9*f. What are the prime factors of f/(-42) - 4/(-14)?
11
Suppose 7*v = 8 + 6. Let m be (7/v - 3)/((-1)/4). What are the prime factors of (4/(-8) + 0)*540/m?
3, 5
Let s(f) = f**3 - f**2 + 5. Let n be s(0). Suppose r - 286 = -n*d + 211, 0 = 4*r - 5*d - 2088. List the prime factors of r.
11, 47
Suppose -20*p + 22544 = 4444. Suppose 4*n + 429 = 2*r - p, -3*r + 1961 = 4*n. List the prime factors of r.
659
Suppose 0 = r - 3456 + 884. Suppose -101*p - r = -105*p. List the prime factors of p.
643
Let r(p) = -p**3 + 12*p**2 - 10*p + 8. Suppose 48*w + 4 = 49*w. Suppose 0 = w*n, -3*z + 6 = -2*z + 5*n. What are the prime factors of r(z)?
2, 41
Suppose 4*r - 5*z = 7 - 19, -5*r = 4*z - 26. Suppose -r*k + k - 3*x - 10 = 0, -x + 79 = -4*k. Let a = k + 112. List the prime factors of a.
3, 31
Let y(k) = 10*k**2 + 13*k - 31. Let q be y(11). Suppose -4*p + q = 298. Suppose 2*h - p = 146. What are the prime factors of h?
3, 67
Suppose 0*k - b + 12 = 2*k, -5*b + 10 = 0. Let w(d) = 3*d + 13. Let r be w(k). Suppose 5*g = 3*g + r. What are the prime factors of g?
2, 7
Suppose -3*q - 3*x = -10077, 0*x + 3363 = q + 3*x. What are the prime factors of q?
3, 373
Suppose 4*v + 0*v + 68 = 0. Let i = v + 18. What are the prime factors of i*-62*(0 - 1)?
2, 31
Suppose 0 = 9*s - 29 - 196. What are the prime factors of 1/5 - -7*1210/s?
3, 113
Suppose -4*q + 5*t = -24827, -4*q + 7*t = 6*t - 24815. What are the prime factors of q?
6203
Suppose -4*x = x - 0*x. Suppose -3*s + 966 + 180 = x. What are the prime factors of s?
2, 191
Let q be (-6)/(-4)*(-16)/(-12). Suppose 4*y - 80 = 2*t, q*t + y = -0*t - 65. What are the prime factors of (t + (2 - 4))/(-1)?
2, 3
Suppose -4*n = 0, -2*y = -0*y - 4*n - 286. Suppose -2*m + 780 = m. Let i = m - y. What are the prime factors of i?
3, 13
Let o = -77 + 71. Suppose 5*a + 12 = 3*p, -3*a - 5*p - 10 = -4*p. What are the prime factors of (34/4)/(a/o)?
17
Let k(w) be the first derivative of -23*w**2/2 - 62*w + 92. What are the prime factors of k(-10)?
2, 3, 7
Let x(v) = 1364*v**3 - 5*v + 3. Let k be x(1). Suppose -k = -4*d - 2*r, -4*d + 12*r = 13*r - 1361. List the prime factors of d.
2, 5, 17
Let c be (-1 + 5)/((-72)/(-54)). Suppose x = -s + 965, s + c*s + 12 = 0. List the prime factors of x.
2, 11
Suppose -3*j - 2581 = -2*c - 654, -j + 3 = 0. Suppose -56*i + 64*i = c. List the prime factors of i.
11
Suppose -3*t + t = m - 835, m + 1679 = 4*t. Let a = t + -415. List the prime factors of a.
2
Suppose -5*i - 8*i - 43535 = -156882. What are the prime factors of i?
8719
Let p(g) = 1372*g - 4326. What are the prime factors of p(12)?
2, 3, 7, 17
Let y = 18968 + -9684. What are the prime factors of y?
2, 11, 211
Let h(q) = -8*q + 3. Let u be h(0). Suppose 4*f + 525 = 2*n - n, 0 = n + u*f - 560. List the prime factors of n.
5, 109
Let u = -656 - -1040. Suppose -3*r - u = -2*p + 186, 0 = 3*p - 5*r - 854. List the prime factors of p.
2, 3
Let n(t) = -t**3 + 14*t**2 - 19*t + 37. Let d = 8 - -4. What are the prime factors of n(d)?
97
Suppose 3*l + 6 = 21. Let y = -44 + 40. List the prime factors of (l + -3)*(-230)/y.
5, 23
Suppose 4*w - 6*w + 2 = 0. Let o be 4*w/(8/(-36)). List the prime factors of ((-1300)/o - -2) + 4/(-18).
2, 37
Suppose -4*n + 32 = -8*n. Let o be n + 172 - (5 - 1). Let c = o + -32. What are the prime factors of c?
2
Suppose -2*d + 3*d - 5*i = 19, -2*d = -i - 11. Suppose -t = -d*t + 6. What are the prime factors of (-4 + t + -77)*(1 - 3)?
2, 79
Let t(m) = m**3 - 10*m**2 + 19*m - 12. Let o be t(10). Suppose -u = -2*w + 2132, -1251 = -w - 3*u - o. List the prime factors of w.
11, 97
What are the prime factors of (-14 - -2790 - 18) + -8?
2, 5, 11
Let g = 11495 + 9134. List the prime factors of g.
7, 421
Let f(n) = -n**2 - 5*n - 39. Let g be f(-6). Let a = 141 + g. List the prime factors of a.
2, 3
Let b = 13 - -49. Suppose -50 - b = -7*z. Suppose z*i - 1593 = 7*i. What are the prime factors of i?
3, 59
Let f(g) = -g + 6. Let k be f(2). Suppose k*m - 2162 = b, 2*m = -4 + 14. List the prime factors of ((-6)/(-4))/((-27)/b).
7, 17
Let r(k) = -k**2 - 3*k + 7. Let y be r(-4). Suppose 3*a + a + y*p + 12 = 0, 20 = -2*a + 2*p. What are the prime factors of (-3)/a*8*(1 + 35)?
2, 3
Let w = -321 + 424. Let h(v) = -3*v**3 - 3*v**2 + 3*v + 8. Let r be h(-4). Let d = w + r. What are the prime factors of d?
3
Let u = 33 - 26. What are the prime factors of (5 + -3)/((u/134)/7)?
2, 67
Suppose 33*y = 29*y + 26*y - 227612. What are the prime factors of y?
2, 7, 739
Suppose 2418 = -38*h + 72832. What are the prime factors of h?
17, 109
Let n